 3.
14
What is -20 + (23 - 13) - -6?
-4
Calculate -21 + 19 - (7 - 3) - (-3 - -10).
-13
Evaluate 1 - -6 - 13 - (-11 + (-9 - -11)).
3
What is 21 + -1 + (321 - 352)?
-11
Calculate -3 + 0 + 1 - (25 + 52 + -85).
6
0 - 0 - 0 - (-383 + 378)
5
What is (44 - -1) + -41 + (67 - 43)?
28
(1 - (8 + -9) - -3) + 1 + -19
-13
Evaluate (-33 - -27) + 6 + -15 + -1 + 3.
-13
1 + -29 - (54 - 69)
-13
Calculate (-13 - -4) + (2 - -3) - (-13 + 5).
4
What is the value of (7 - (18 - 7)) + (-5 - -5) + 28?
24
What is 12 + (-12 + 7 - -5)?
12
Evaluate 2 - (5 + -1 + (0 + 0 - -4)).
-6
2 - -5 - (-289 - -311)
-15
What is the value of (-963 - -993) + 1 + -54?
-23
7 + -23 - (4 + -7)
-13
Calculate -4 + (-25 - -11) + 7 - 2.
-13
-2 - -11 - ((-5 - -2) + 6) - 22
-16
Evaluate 19 - 25 - (11 + (-8 - -1) + 2).
-12
What is 5 + 52 + -29 + 0?
28
What is the value of (-21 - -19) + (-13 - (-2 - -1))?
-14
Evaluate 1 - ((0 - 30) + 3) - (-446 - -452).
22
Evaluate (11 - 0) + -4 - (-5 + 0).
12
-1 + (-7 - -23) - 8
7
What is the value of 153 + -150 - (-19 + -2)?
24
Calculate 14 + -46 + 16 + 2.
-14
Evaluate -16 + (19 - (5 + 2) - 21).
-25
Calculate -887 + 910 - (-5 - (-2 - -3)).
29
What is the value of -9 + -26 + (-13 - -31)?
-17
Evaluate 1173 + -1165 - (-1 - -1 - (16 - 0)).
24
What is the value of 9 + -1 + -3 + 4 + -25?
-16
Calculate -7 + (-8 - -16) - -11.
12
What is the value of -16 - (2 - -1) - (-5 - 3) - 5?
-16
Calculate 6 + (-20 - ((5 - 9) + 0)) - -3.
-7
What is -83 - -66 - (0 - 7) - (7 + -14)?
-3
(19 - -9 - 33) + 9
4
2 + -4 + -4 + (38 - (46 - 19))
5
Calculate -142 + 182 - ((-11 - -13) + 4 + -1).
35
Evaluate 14 + -27 + 3 + 32.
22
What is the value of -2 - (6 - (1 - -4 - (-23 + -2)))?
22
-40 + (19 - -6) - -29
14
Evaluate 9 - 21 - (-9 - 3).
0
-10 - -32 - 29 - -17
10
What is -8 - (-4 - (-4 + 3)) - 5?
-10
What is -10 + 14 + -3 + 1 + -4 + 3?
1
What is 12 - (-1 + -1) - 5?
9
Evaluate (3 + -2 - (-7 + 9)) + 14.
13
What is 62 + -79 + (13 - (4 - -1))?
-9
Evaluate -1 - (-1 - 7) - 4.
3
Calculate (2 - -2) + 70 + -62.
12
What is the value of (1 - (-7 - -1)) + (-149 - -36 - -84)?
-22
What is the value of 0 + -12 + 1 + 0 + (-218 - -225)?
-4
Evaluate -12 - (-7 - -2) - (-4 - 15).
12
What is the value of -10 + 32 + -25 - (0 + 11)?
-14
(39 - 28) + 0 + 0
11
Calculate -18 + -12 + 27 + -13 - -16.
0
Evaluate (-5 + 8 - 2) + 5 + (-10 - -6).
2
Evaluate -20 + 0 + 0 + (-12 + 20 - 2).
-14
2 + -4 + -9 - -23
12
Evaluate -31 + (25 - (-4 + 6)).
-8
1 + (6 - 1) - (-28 - (-31 - -14))
17
Evaluate -19 - (0 - ((-6 - -4 - -14) + -10)).
-17
Calculate -14 + (-29 - (-33 + 3)).
-13
39 - ((28 - 11 - 19) + 12)
29
Calculate (462 - 487) + (17 - -1).
-7
4 + 0 + 5 + (18 - 30)
-3
What is 14 + (5 - 6) + -3 + -4?
6
What is -25 + 28 + -17 + 16?
2
Evaluate 2 - 11 - -3 - (-22 + 16).
0
(7 - (-10 + 6 + -3)) + 8 + 2
24
Evaluate (-9 - -10) + 10 + 1 - 21.
-9
(-45 + 33 - 12) + 49
25
4 + (3 - 10) + (-1 - 2)
-6
What is the value of -4 + -17 + 11 + 4 + 9?
3
-1 - 8 - (10 - 22 - -7)
-4
What is -16 - (-16 + (-7 - -23) + -9)?
-7
Evaluate (-5 - -1) + (-3 - -8).
1
Calculate 11 + -17 + -3 + 4.
-5
What is the value of 4 + (-4 - -23) + -17 - (9 + 0)?
-3
4 + 13 + (3 - (7 + (1 - 1)))
13
Evaluate -7 + (4 - (2 + 5)) - (-1 + -5).
-4
32 - (12 - -25 - 27)
22
Calculate (18 - (-3 - 3)) + -9 + -2.
13
Evaluate 0 + (-2 - (6 - 4)) + (1 - 0).
-3
Evaluate 22 + (-25 - (-64 - -36)).
25
What is the value of -1 + -10 - ((-13 - 4) + 6 - -4)?
-4
What is the value of -6 + 5 + 2 - (-8 - (4 + -5))?
8
34 - -12 - (43 - 18)
21
-22 - (-3 - (8 - -4))
-7
What is the value of 23 + (-27 - -13 - -4)?
13
Evaluate 3 - (-7 - (0 + (-5 - 5))).
0
Evaluate 6 + 0 + -8 + (11 - 0).
9
What is the value of (-1 - 1) + -9 - (-95 + (62 - -14))?
8
Calculate 1 + 1 - (27 + (-6 - 26)).
7
-2 - 1 - (458 + -456)
-5
Calculate (-51 - (-4 + -55)) + 12 + 2 + -4.
18
28 + -1 - (1122 - 1070)
-25
12 - (-15 + 35) - -7
-1
Evaluate (-1 - 4 - -2) + 10 - (-354 - -341).
20
What is 15 + 4 + (5 - 6) - -5?
23
Calculate 7 + (-12 - (-1 - 1)) + 0 - -11.
8
Evaluate -8 - (5 - 9) - -3 - 8.
-9
Evaluate 1 - (-9 + 10 - -4 - 8).
4
What is -11 + 29 - -19 - 32?
5
What is -17 + 4 + 14 + -20?
-19
What is 12 + (-4 - 1) - (-4 + 1)?
10
What is the value of (-21 + (-1 - -16) - 5) + 1 + 49?
39
What is the value of (10 - (9 - 12)) + -3 - (2 + -1)?
9
What is -4 - (-34 + -10 + 18 + -16)?
38
What is (40 - (2 + 17)) + -16?
5
What is the value of 60 + -54 + -9 + -1 + -2?
-6
-4 + (0 + -4 - 1) + -4
-13
Evaluate 19 - 10 - -32 - 25.
16
Evaluate -63 + 53 + (14 - -3).
7
32 + -9 + 23 + -26
20
34 - (-23 + -2 - -72)
-13
What is (-14 - 0 - -27) + -15?
-2
38 + -61 - (-1 + (0 - 3))
-19
What is 7 - (25 - (3 - -7))?
-8
What is 3 + -1 + 11 + -2 - (40 + -49)?
20
What is (955 - 902) + -1 + -22?
30
What is the value of (-2 - (-7 + 21)) + 4?
-12
Evaluate (-9 - -16) + 5 + -3 + -26.
-17
Calculate -3 + (-3 + -6 - -5) - -17.
10
What is the value of 3 - (1 + 1 + 7 + -7 + -8)?
9
Evaluate 1 + -6 + 4 - (-9 - (4 + -15)).
-3
Calculate 3 + (5 - 8) + (62 - 66).
-4
-4 + 6 + (-15 - -8 - -2) + -3
-6
36 - -7 - 56 - -38
25
What is the value of -89 - (-16 + -58) - (11 - 0)?
-26
Calculate (46 - 5) + (-70 - -36).
7
Evaluate 9 + -27 + 65 + -2 + -11.
34
What is (12 - -1) + 27 + -35 - 7?
-2
What is the value of 9 - 24 - (-6 - (0 + 2))?
-7
What is (0 - 12) + 0 - (-134 - -144)?
-22
-3 - (0 - -2) - (-12 + -5)
12
What is the value of 1 + 2 + (3 - 1) + (-14 - -2)?
-7
Evaluate (5 + -24 - ((-5 - 4) + 3)) + 6.
-7
Evaluate (-1 - (-4 + 1)) + 10 + -7 + -10.
-5
5 + (4 - ((5 - -5) + -6)) + 5
10
Evaluate -7 - ((-17 - (9 + -35)) + (-3 - 0)).
-13
Evaluate 0 - (-33 + -19 + 25).
27
Calculate 2 - (220 + -220 - (0 - -24)).
26
Evaluate 16 + -8 - (2 + -3 + -5).
14
Calculate (-32 - 1) + 3 + (8 - -3).
-19
What is -41 + 63 - (-5 + 42)?
-15
Evaluate 3 + 3 + -1 - (-17 - -4 - -6).
12
What is (-29 - -7) + (45 - 10)?
13
What is 16 - (-20 + 12 + 7)?
17
Calculate 9 - (-3 + (-7 + 12 - -11)).
-4
What is the value of 18 + -36 - (-11 - 20)?
13
What is 7 - (-21 + 25 - (-11 + 1)) - 8?
-15
What is the value of 0 - 1 - ((5 - 1 - 0) + -2)?
-3
Evaluate 21 - (-3 - ((-7 - -1) + -7)).
11
What is -6 + (1 - 1 - -7) - (-2 + 6)?
-3
What is the value of (13 - (12 + 7)) + -17?
-23
What is the value of 16 + (14 - 27) + (-20 - 0)?
-17
(-488 - -474) + (-2 - 0) + 1 + -1
-16
Calculate -8 + 0 - ((22 + -41 - 3) + -14).
28
-12 + (37 - 6) + -17
2
Calculate -18 + (18 - 29 - -8).
-21
What is the value of (-10 - (11 + -11)) + 4 + -12?
-18
Calculate -7 + -17 + 12 + (4 - 1) + 6.
-3
What is the value of (6 - (14 + -1 - (85 - 80))) + -15?
-17
Calculate (8 - (-4 + 3)) + (-6 - -1) - -1.
5
What is -16 + 18 + 11 + 1?
14
Calculate 10 + (-4 - (2 + 1)) + (8 - 9).
2
Evaluate 30 - 2 - (-1 - (5 - (24 - 24))).
34
Calculate 2 + -2 - -2 - (493 - 475).
-16
Calculate -5 + (-19 - (-90 - -42)).
24
What is -4 - (1 + 13 + -1) - (-2 + 2)?
-17
Calculate -1 - 0 - (14 - 38 - -26).
-3
Evaluate -33 + 12 + -8 + 54.
25
Evaluate 2 - 21 - (-5 + -1 - (-4 + -6)).
-23
Evaluate 0 + (-1 - 1 - 15 - (-3 - 6)).
-8
What is 8 - ((-2 - -6) + -11 - -11)?
4
Calculate (-218 - -224) + (2 - (8 + 1)) + 0.
-1
-22 + (16 - 2 - (0 - -3))
-11
What is 24 - (-10 - (11 + -18 + -3))?
24
What is the value of 2 - 10 - (66 - 61)?
-13
(2 - 5) + (-9 - 0)
-12
What is the value of 7 + (1 - (11 - 4)) + 8 + -26?
-17
Evaluate (1 - -4) + (80 - 79).
6
Calculate -10 - (4 - 34 - (0 - 11)).
9
What is (-36 - -3) + 14 - -8?
-11
Calculate 8 - 5 - (15 + -4 - -5).
-13
Evaluate 337 - 342 - (-2 - 0 - -11).
-14
What is 14 + 2 + -4 + 0 - (117 - 120)?
15
Evaluate -34 + 0 + 434 + -406 + -3 + -16.
-25
Calculate -4 - (-2 + -2) - (12 - (7 - 4)).
-9
Calculate -6 - (-3 + (31 + -25 - (-1 - -1))).
-9
50 + -30 - (13 - 2 - 2)
11
-5 + (8 - (1 - 5)) + -1
6
What is the value of -39 + 41 - (2 + -9)?
9
-3 + (8 + (4 - 12) - -1)
-2
Calculate -12 + (-25 + 16 - -17) - (-4 + 32).
-32
Calculate (2 - -4) + (17 - (-19 + 41)) + -7.
-6
What is 25 - (32 - (48 - 28))?
13
What is the value of 5 + (-17 - 5) - -25?
8
Calculate (-28 + 5 - -6) + 4.
-13
What is the value of (7 - 0) + (96 - 90) - 5?
8
Calculate 56 + (40 - 119) + 41.
18
15 + 5 + -16 + -13
-9
What is 0 - (5 - ((-1 - -6) + -9))?
-9
What is the value of -11 - -6 - (0 + (-4 - -2) + -4)?
1
What is the value of 16 - (-8 - -37) - (2 + -37)?
22
(-19 - -30) + (0 - 1 - 10)
0
What is (-2 - -4) + (-4 + -19 - -3)?
-18
Calculate 2 